3 - -7)
73
0 + -96 - (-14 + 130 + -58 + -70)
-84
What is the value of -435 + 335 - (-6 - (-4 - 14))?
-112
What is -30 + 143 - 47 - 53?
13
What is (13 - 22 - -65) + (-29 + 23 - (1 + -22))?
71
-12220 + 12217 - (-1 - -3 - (-5 - (-147 + -4)))
141
What is the value of (-42 + 54 - (-5 + -2 - -37)) + -129?
-147
What is the value of -4 + -6 + (239 - 280) + -40?
-91
Calculate 3 + (-9 - 2) - (174 - 152 - (2 - -129)).
101
1 + (-3 - (-2 - 5)) - (204 - 167)
-32
Calculate 10 + (-2 - (2 - 0)) + (51 - (5 - -40)).
12
What is (-1 - (-5 + 0 + 11) - (-11 - -10)) + 62?
56
Evaluate 3 - (-15 + 32) - (-12 - 3 - -11).
-10
Calculate -14 + -14 + 16 + -3 + 3.
-12
What is the value of -9 + 14 + (-8 - -3) + -18?
-18
What is (-15 - (-28 - -8)) + 4 + -13 - 30?
-34
What is the value of 93 - (258 - 99) - -63?
-3
What is 146 + -80 + 25 + -92?
-1
(23 - 117) + 4 + (0 - ((6 - 2) + -4))
-90
Evaluate 61 - 2 - (114 + -37).
-18
(-25 - 1) + 106 + -183 + 82
-21
What is the value of 36 + -32 + -135 + (5 - (-1 - -2))?
-127
What is (22 + -9 - (28 - (-18 - -31))) + 10 + -1?
7
Evaluate (126 - -2) + 13 + (23 - 19 - (-5 - -25)).
125
Calculate (-1428 - -1431) + -1 + 2 + -2 + 60.
62
What is the value of -35 + -21 + (9 - 18) + 26 + -10?
-49
Calculate -6 + 6 + (54 - (-29 - -59)) + -80.
-56
What is -4 + (15 - 46 - -8) + -12?
-39
What is the value of 16 + (-38 + 12 - -30) - (43 - 3)?
-20
Evaluate -156 - -174 - (42 - 2) - (-1 - 0).
-21
What is (1253 - 1271) + (14 - (3 - 3))?
-4
What is 145 - (52 + 125) - (0 + -2 - -7)?
-37
What is 14 + (-28 - (22 + -42)) + 8?
14
Calculate 27 - ((22 - (0 + 9)) + -11 + 3).
22
What is -25 - (42 - 66 - 2)?
1
Evaluate (-26 - 12) + 130 + -29.
63
Evaluate (5 - 15) + (3 - 16) - -6.
-17
What is (-1 - 2) + (12 - (159 - 111))?
-39
What is the value of 39 + (-21 - (-1 - -18 - 43))?
44
Calculate 25 + 164 + -157 + 44.
76
What is the value of -60 - (91 + -89 - 65)?
3
What is 30 - (14 + (57 - 11)) - -61?
31
What is (-1 + 8 - -7) + -17 + 44?
41
22 - (-14 + -2 + 9 - -6 - 0)
23
Evaluate (4 - -1) + (-31 - -12) + -20.
-34
Evaluate 0 + 117 - 2 - (-2236 + 2232) - -23.
142
What is the value of (3 - 25) + -10 + 3 + 6 + 5 + -6?
-24
Calculate -10 - ((-17 - -3) + (80 - 33)).
-43
What is the value of -30 - ((-60 - -32 - -69) + 3)?
-74
What is the value of (-27 - (-14 + 11 + 1 - 2)) + 10?
-13
Evaluate -363 + 414 + (-3 - -5 - 30).
23
Evaluate -23 + 0 - -4 - -2 - (920 + -859).
-78
What is 7 + -41 + (-29 - -97) + 1 + -2 + 12?
45
-67 + (-110 - -237) + -18
42
Calculate 766 + -744 - (-4 + -9 - (0 - -6)).
41
Evaluate -8 - 15 - (182 - 196).
-9
0 - 0 - (2769 - 2810)
41
Evaluate -12 + 14 - 35 - -3.
-30
Calculate (-1 + 5 - (52 + 1)) + (-21 - (-9 + -7)).
-54
-13 + 10 + 1 + 8 + 3 + -4 + 0
5
What is the value of (-29 - -35) + (26 - 5) + -15 - (-3 + 91)?
-76
What is the value of (86 - (114 - 14)) + -15 + 0?
-29
What is the value of -52 - 0 - (23 + -1 + -374 + 367)?
-67
What is the value of -14 - (38 + -72) - (-18 - 1 - -5)?
34
What is the value of (-7 - (9 + (-34 - -31))) + (0 - 63 - 1)?
-77
What is 488 - 536 - (-4 + -4 + 3 + 20)?
-63
Calculate (-5 - (-10 + 17)) + 47 - -8.
43
Calculate (26 - 12) + -20 + 71 + -71.
-6
What is the value of 39 - 43 - (-163 + 203)?
-44
(36 + 0 - (-485 + 590)) + (0 - -4)
-65
What is the value of 30 + 57 + -47 + -53?
-13
What is -4 + 2 + 0 + 4 + -71 + (-73 - -135)?
-7
Evaluate -36 - (46 + -15 + -26).
-41
6 + -85 + 113 - 51
-17
What is the value of -90 + 78 - (-52 - -2)?
38
Calculate 71 + (-23 - -8) + -76 + 92.
72
47 + (-43 - (-3 + -53))
60
Evaluate -2 + 6 + 0 - -45 - (-1 - 5).
55
Calculate 5 + -3 + (5 - 8) + 7 + (83 - 6).
83
What is the value of (57 - (69 + 74)) + 120?
34
What is the value of -2 - (-48 + -34 - (-6 - (-3 + -2)))?
79
What is the value of 67 + (-3 - (9 + -1 - (84 + -65)))?
75
Calculate 73 + -1 + 20 + (-206 - -183).
69
Calculate 122 + (4 + -54 - -8).
80
Evaluate (98 + -50 - 57) + -142.
-151
What is the value of (-2 - -121) + (138 - 114) + (1 - 24)?
120
25 + (64 - (141 - 36))
-16
Evaluate (2 + 3 - -29) + (6 - (-11 + 20)).
31
Evaluate -71 + 1 + 9 + (-113 - -115) + -19 + -6.
-84
What is the value of (-1 - 53 - -1) + (11 - 39 - -38) + -16?
-59
What is (-55 - (-6 - 46)) + -14?
-17
Calculate (8 + 3 - -10) + (-5 - 53).
-37
-14 - (14 - 67 - (30 - 31))
38
Evaluate -35 + -40 + 32 + 36.
-7
Evaluate 37 + -49 - (6 + -23 - 11) - -64.
80
Evaluate (-386 - -328) + (54 - 6) + 1 + 1 + 66.
58
1 + -6 + -1 - (29 - 24 - -15 - -28)
-54
Evaluate (-7 - (-9 + 8)) + 15 + (7 - 16) + -44.
-44
What is (18 - 12 - 6) + 19 + -5?
14
What is the value of 4 - (-34 - -30) - ((-8 - 1) + -5 + 3)?
19
What is the value of (-1 - (-9 + (2 - (-12 - -4 - -6)))) + 13?
17
What is -27 + 19 + -28 - (-9 - -8)?
-35
Calculate -72 + 1 + (-1 - (-24 + 14 - -1)) + -10.
-73
Calculate (-10 - ((16 - 12) + -18 - -22)) + 120.
102
What is the value of (-5665 - -5514) + (0 - -86)?
-65
Calculate 140 + (-100 - (-67 - -111)).
-4
Calculate 1 + (51 - -1) + (50 - (38 + 23)).
42
What is the value of 355 - 353 - (112 + 1 + (7 - 7))?
-111
Evaluate -90 - (-6 - 26) - -46.
-12
Evaluate -9 + (-8 + 0 - -106) + -17 + 31 + 5.
108
Calculate (40 - 24) + 12 + -40 - (-6 - -4).
-10
Evaluate -101 + -7 - -87 - (-1 - 82).
62
-5 + (-25 - (-29 + -6)) + -23
-18
Calculate -226 + 244 - (-1 + 9) - (-3 + 10).
3
Evaluate -1 + -1 + (4 + 73 + 0 - -24).
99
Evaluate -112 - (62 - (39 + 71)).
-64
What is (-20 + 11 - -34) + -19 - -8 - (1 - -8)?
5
What is the value of -113 + (49 + 97 - 99)?
-66
Evaluate 18 - (-34 - (25 + (-8 - (6 - 8)))).
71
(-8 + -14 + 5 - -9) + (71 - (2 + -6))
67
What is the value of 1 - (4 + 13 + 12 + -11 + -15)?
-2
Calculate 4 + 0 + 76 + -12.
68
What is -3 - -1 - 114 - (-1241 - -1204)?
-79
Calculate 3 - -31 - (37 - (114 + -118)).
-7
What is the value of -53 + -60 + 19 - -134?
40
What is 24 + 8 - (-2 + 8 + (0 - 2) - 3)?
31
Evaluate 2 - (-2 - -26) - (-35 - -2 - (195 - 223)).
-17
What is (1 + -3 - (-109 + 64 + (1 - -7))) + 11?
46
42 - 128 - (-33 + 11) - -18
-46
-4 - (-3 + -2) - ((-9 - (-29 - -25)) + -59)
65
What is 8 + -100 + -3 + (15 - 15)?
-95
Calculate 61 + -35 + 18 - (-4 + 1).
47
What is the value of -22420 - -22444 - (-1 + (1 - -43))?
-19
Calculate 8 - 1 - 1 - (42 - 21) - 14.
-29
What is the value of -78 + (-35 - 3) + -9 + -1 + -15?
-141
Calculate (15 - (-57 - -70)) + (45 - 2).
45
-53 + 98 + (-3 - 43)
-1
What is 3 + (76 - 30) + -26?
23
Calculate -448 - -456 - (-1 - 2 - (-46 - 13)).
-48
-55 + 45 + 21 + -7
4
12 - (1 + -7 - -3 - (9 - -2))
26
What is the value of 64 - 3 - (-208 - -177)?
92
What is the value of 239 + -194 - ((-6 - -1) + -5 + (-5 - -7))?
53
What is -66 - (-55 - (-139 + 53))?
-97
Evaluate -1 + -39 + (17 - 49) + 44 + (1 - -2).
-25
Calculate -2 + -6 + 4 + (-10 + 32 - 12).
6
(-17 - -7 - (-2 - 1)) + (-24 - -21) + -31
-41
What is the value of (-5 - 12) + (-6 - (13 - -8))?
-44
What is 11 + -3 + 2 + 2 - (1403 + -1383) - -4?
-4
(-50 - 7) + -2 + -6 + (-1 - -2)
-64
Calculate (-58 - (58 + -128)) + (2 - -12) - (15 + -1).
12
Evaluate (-5 - 48) + -5 + -22 + 32 + -11.
-59
Evaluate 3 + (-2 - 54) - (-17 + 20 + -5).
-51
What is 81 + 95 - (49 + 47)?
80
Evaluate (-13 - (3 - -2 - (107 - 77))) + 1 + 1.
14
Calculate (-1 - -8 - (-19 + -71 + 46)) + -13.
38
-3 + 22 - (-1040 - -1067)
-8
What is the value of -191 - -193 - (-55 + 0)?
57
What is the value of 76 + -26 + 34 - 0?
84
(47 - 60) + 11 + -1 + 11 + -59 + -7
-58
What is the value of 77 - 3 - (-1508 + 1578)?
4
What is (-188 - (-143 - -61)) + 54?
-52
What is -24 - (24 - (-5 + 50) - 53)?
50
Calculate (-446 - -442 - (-1 + -1 + -46)) + -5.
39
(12 - (3 + -1)) + (-697 - -689) - (-36 + 1)
37
Evaluate 16 + 10 + -17 + (-2 - 19) - -13.
1
Evaluate (94 - 1) + (306 - (320 - -5)).
74
Calculate (0 - (-89 + 70)) + -4.
15
-3 + 57 + -24 + (-33 - -52) + (1 - -2)
52
What is the value of -69 + 53 + 1 + 5 + 0 - (-2 - 39)?
31
What is the value of -1655 + 1601 + -11 + -4?
-69
What is the value of -317 - -207 - (1 + -2 - (30 - 20))?
-99
What is the value of (-22 - (-12 - 8)) + 4 + (107 - 7)?
102
Evaluate -45 + (-6 - -58) + 17.
24
Calculate (-23 - -29) + 17 + (-41 - -16).
-2
-10 + ((-18 - -35) + -9 - (0 - 25)) - 9
14
What is the value of -9 + (2 + 9 - (-15 - (-14 + -1)))?
2
(17 - (19 + -17)) + -30 + -17
-32
What is (122 - (-1 + 4)) + 102 + (-41 - 61)?
119
What is the value of (50 - 33) + -110 + 140?
47
What is -60 + ((1 - 2) + 10 - (29